y(s) = 8*s**3 + 4 - 5 + s + s**2 + 0*s. Suppose 7 = -j + 3*k, 0 = -5*j + 5*k - 5 + 10. Suppose 1 = o - w, 2*o + j*w - 3*w = 2. Calculate y(o).
9
Let k(d) = d**3 - 7*d**2 + 5*d + 3. Let n(v) = v**2 - 10*v + 15. Let p be 12*(-5)/(100/(-15)). Let a be n(p). Give k(a).
-3
Let o(b) = b - 7. Let n be o(9). Let r(i) = -5 + 7*i + 5*i**2 + 3*i**2 - i**2 - 6*i**n. Give r(-7).
-5
Let i(t) = -t**3 + 7*t**2 + 5*t + 16. Let v be i(8). Let g = v - -12. Let r(y) = -y**2 + 3*y + 4. Determine r(g).
0
Let d = 59 - 56. Let l(p) be the second derivative of p**3/6 + 3*p**2/2 + 2*p. Calculate l(d).
6
Suppose -c + 508 = -i + 510, -c - i = 10. Let q(t) be the third derivative of -t**6/120 - t**5/10 + t**4/24 - t**3/3 - t**2. What is q(c)?
-8
Suppose 3*z - 2*z + 11 = 0. Let t = 12 + z. Let f(c) = -4 + 1 - 3 + c - t. Give f(6).
-1
Suppose 22 - 38 = -2*f. Let b(k) = 4*k**3 - 6*k**2 + 3*k + 10. Let m(i) = -3*i**3 + 7*i**2 - 4*i - 10. Let n(z) = -2*b(z) - 3*m(z). Give n(f).
-6
Let s(i) = -i**3 + 4*i**2 - 2*i - 1. Suppose -2*n - 87 = -5*r - 0*n, -5*n + 80 = 5*r. Let j = -3 - -8. Let v be 3/5 + r/j. Give s(v).
-9
Let i be (2/18)/((-125)/(-1125)). Let r(t) = 5*t**3 + 3*t**2 - 3*t. Determine r(i).
5
Let q(h) = -h**2 + 6*h - 2. Suppose -19 = -7*d + 16. What is q(d)?
3
Let a(m) = -37 + 4*m + 4*m + 40 - m**2. Let j(x) = -x - 1. Let n(q) = -a(q) - 4*j(q). What is n(4)?
1
Let o(w) = -10*w - 2. Let j(i) = -9*i**3 + 2*i**2 - i - 2. Let a be j(-1). Suppose 6 - 26 = a*z. Calculate o(z).
18
Let l(i) = -2*i**3 + 2*i**2 - i + 1. Suppose 0*c + 14*c - 2*c = 0. Suppose -3*r + 6 = -c*r. What is l(r)?
-9
Let r = 188 + -109. Let u(i) = 44*i + 51*i - r*i. Calculate u(1).
16
Let r(p) = -1 - 2*p + p + 3*p + 7*p**2 - 20*p**2. Calculate r(1).
-12
Let m(j) = -5*j**2 - j - 7. Let a(c) = -14*c**2 - 3*c - 19. Let f(b) = -6*a(b) + 17*m(b). Determine f(4).
-17
Let g(x) = -x**3 + 6*x**2 - 4*x - 4. Suppose 0 = 4*j - 108 + 12. Suppose -5*f + 2*i - i = -j, 0 = 4*f + 5*i - 25. Calculate g(f).
1
Let w = 8 + -14. Let a(u) = 5*u + 6. Let d(l) = -21*l - 23. Let y(s) = 9*a(s) + 2*d(s). Give y(w).
-10
Suppose -7*k = -10*k. Suppose 2*s - 9 = -3*h + 25, k = 2*h - 5*s + 9. Let y(r) = r**2 - 8*r + 1. Give y(h).
1
Let w = -17 + 37. Let q be w/2*1/2. Suppose -q*p = 5*j + 15, -j + p - 3 = 5*p. Let h(r) = r**2 + 5*r + 2. Calculate h(j).
-4
Let w = -32 + 18. Let v = w - -20. Let u(k) = -k**2 + 7*k + 3. Give u(v).
9
Let i be (3/9)/(2/18). Let c(w) = 9 + 1 + 4*w - 2*w - i*w. Suppose -8*r + 5*r + 21 = 0. What is c(r)?
3
Let a = -1302 - -1294. Let s(j) = j + 5. Determine s(a).
-3
Suppose 4*i - 22 - 70 = 2*t, 0 = -5*i + 4*t + 109. Let h(j) = -4*j + j - 18 + i. Determine h(5).
-8
Let c(q) = 3 - 2*q + 7 + 5*q - 42. Give c(10).
-2
Let u(z) = -z**2 + 9*z + 7. Suppose 5*x - 5*q - 55 = x, 3*x = -3*q + 21. Give u(x).
-3
Let k(m) = 2*m + 32. Let h be k(-16). Let a(q) = -1 - 2*q + 0 + h + 2. Give a(2).
-3
Let m = -6 + 7. Suppose 4 = 4*l - 4. Let u be (l/(-4))/(m/(-8)). Let h(d) = -d**3 + 4*d**2 + d. What is h(u)?
4
Let h be 40/(-88) + (-30)/55. Let s(c) = -17*c**3 - 1. Give s(h).
16
Let r(t) = 6*t**2 - t - 1. Let q be r(1). Let n(c) = -5*c - 3*c**2 + c**2 + 72 - 69 + q*c**2. Give n(3).
6
Let d(o) = -3*o - 3. Suppose -5*w - 10 = 0, -2*g + g + 5*w = -14. Let i = 50 + -25. Suppose -r - i = g*r. What is d(r)?
12
Let w(d) = -7*d**3 + 5*d**2 + 5*d + 8. Let g(q) = 10*q**3 - 8*q**2 - 7*q - 12. Let j(x) = -5*g(x) - 7*w(x). Determine j(5).
4
Let t(u) be the first derivative of u**4/4 - u**3/3 + u**2/2 + 1. Let r be 1 + 3/2*8/6. Suppose 2*l - 1 = r. Calculate t(l).
6
Let c(o) be the second derivative of 0 + 1/2*o**3 - 3*o - 7/2*o**2. Let n be -10*(5/1)/(-10). Determine c(n).
8
Let g(k) = k - 8. Let o(n) = -3*n - 6. Let h(v) = -v**3 + 6*v**2 - 7*v + 6. Let t be h(5). Let s be o(t). Let l be g(s). Let x(j) = j - 1. Give x(l).
-3
Let x(j) = -1. Let w(p) = p + 12. Let h(o) = w(o) + 6*x(o). Give h(7).
13
Suppose x - 2*g = 0, -3*x = -8*x + 4*g - 6. Let v be 0 + (-1)/x*0. Suppose v = 2*n - 5*w - 19, 4*n + n - 3*w - 19 = 0. Let s(k) = 5*k**2 - k - 2. What is s(n)?
16
Let u = 21 - 10. Suppose b = -9 + u. Let r(h) = 4*h**2 - 3*h**b + 6 - h**3 + 3. Calculate r(0).
9
Let g(v) = -5*v + 5. Let w(n) = n + 3. Let l(t) = g(t) - 2*w(t). What is l(4)?
-29
Let i(m) = -4*m**2 - 5*m - 13. Let x(n) = -2*n**2 - 2*n - 7. Let o(w) = -3*i(w) + 5*x(w). What is o(-3)?
7
Let u be (-1)/(-1) + (-4)/(-2). Suppose -2*v - u = 3, 5*v = 3*k - 15. Let y(h) = -h**2 + h + 5. Give y(k).
5
Let p(a) = a**2 + 8*a + 4. Let n = 16 + -45. Let z = 23 + n. Determine p(z).
-8
Let y(x) = 2*x - 6. Let v be y(5). Let w(n) = 5 - v*n + 6*n + 2*n. Determine w(-5).
-15
Let g be (2/(-3))/((-1)/6). Let d(q) = 5*q**3 + 4*q**2 + 2*q + 12. Let j(m) = 6*m**3 + 4*m**2 + 3*m + 13. Let t(w) = -7*d(w) + 6*j(w). Give t(g).
10
Let y(o) = -101*o**2 - 97*o**2 + 202*o**2. Calculate y(-2).
16
Let a(i) be the first derivative of -i**3/3 + i**2/2 - 3*i + 1. Suppose 5*x = -5, -5*x + 15 = -21*l + 26*l. Determine a(l).
-15
Let m(j) = -4 + 0 + 4 + j. Give m(5).
5
Let p(x) = -3*x**2 + x + 6. Let t = -227 + 225. Determine p(t).
-8
Let k(r) = -2*r**2 + r**3 - r**2 - 4*r**2 + 7*r**2 - 5*r**2 - 10*r + 18. Determine k(6).
-6
Let r = -50 + 75. Suppose 2*h + 0*h + 30 = 4*b, r = -h + 4*b. Let n(o) = -1 + 3*o**2 + 0*o**2 + 6*o - 2*o**2. Give n(h).
-6
Let l(f) = 7*f + 1. Let c(j) = -45*j + 1. Let x(n) = -c(n) - 6*l(n). Give x(3).
2
Let x be 4/(-5)*10/(-8)*2. Suppose x*a - 24 = -a. Let w(s) = -2*s + 7. What is w(a)?
-9
Let o(t) = 4*t**3 + 9*t**2 + 8*t - 4. Let w(y) = -4 - 43*y + 0*y**2 + 8*y**2 + 50*y + 3*y**3. Let z(i) = 2*o(i) - 3*w(i). Calculate z(-5).
4
Let w(l) = -7*l**2 - 29 - 2*l**2 + 5*l**3 + 18 + 9*l - 4*l**3. What is w(8)?
-3
Let p = 44 + -42. Let r(b) = 0*b + 2*b - 1 + b - b**p - 2. Let d(m) = m**3 - 11*m**2 + 12*m - 15. Let j be d(10). What is r(j)?
-13
Let a(z) = -z**2 - 8*z - 6. Let y(o) = -o**3 + 8*o**2 - 5*o + 32. Let k be y(8). Calculate a(k).
-6
Let b(d) = -12*d**3 + 2*d**2 - d - 1. Let s(a) = -13*a**3 + 3*a**2 - 2*a - 2. Let x(j) = 3*b(j) - 2*s(j). Let v = -1775 + 1774. Calculate x(v).
10
Let j be (-1 + 1 - 1) + -19. Let r be ((-6)/(-4))/((-15)/j). Let g(d) be the first derivative of -d**4/2 + 3*d**2/2 - d + 46. Give g(r).
-11
Let b(m) = -6*m**2 - 3*m + 1. Suppose -5*y = -2*d + 18, 0*d - 2*y - 12 = 4*d. Determine b(d).
-2
Let c(b) = -3*b + 4*b - 2 + b**3 - b. Suppose 5*a - 18 = 4*k, -2 + 12 = -3*k + 2*a. Let f be 3 - 3 - k/(-1). Calculate c(f).
-10
Suppose 0 = 6*v - v + 10. Let f(h) = -2*h**3 + 2*h**2 + 0*h**2 + 16*h + 3*h - 4*h**2 - 21*h. Give f(v).
12
Let i(v) be the first derivative of v**4/12 - v**3/3 - 9*v**2/2 + 9*v - 4. Let q(a) be the first derivative of i(a). Determine q(7).
26
Let j = -3 - 0. Let d be 1/3*j/1. Let p(i) = 2*i + 7. Let m(u) = u + 6. Let z(r) = -6*m(r) + 5*p(r). Determine z(d).
-5
Let z(b) = b - 2. Let g be z(4). Let a(u) = -3 + 1 + 3 - 2 + g*u. What is a(-5)?
-11
Suppose 390 = 26*l + 13*l. Let w(j) = -j**2 + 10*j + 7. Give w(l).
7
Let z(w) = -2*w**2 + 18*w + 27. Let g be z(10). Let q(d) = d**2 - 7*d - 8. Determine q(g).
-8
Suppose 4*o - 6*o = i + 15, 3*i = -o. Let d(z) = -z**3 - 11*z**2 - 16*z + 9. Let r be d(o). Let m(x) = -x**3 - 10*x**2 - 10*x - 4. Give m(r).
5
Let r(g) = 11*g - 57. Let l(j) = 2*j - 10. Let t(q) = -34*l(q) + 6*r(q). Determine t(-3).
4
Let z be (-399)/(-14) + (-1)/2. Let g(r) = 54*r - 4 - 28*r - z*r. Calculate g(5).
-14
Let n(f) = -f**3 + f. Let i(w) = -5*w**3 - 5*w**2 + 6*w - 6. Let c(j) = -i(j) + 4*n(j). Let v = 858 + -864. What is c(v)?
-18
Let x(m) = 7*m - 31*m + 17*m + 3*m + 20. Give x(10).
-20
Let f(c) be the second derivative of 0*c**2 + 0*c**3 + 0 - 7*c - 1/3*c**4. Give f(-1).
-4
Let g(w) = w**2 + 7*w - 60. Let n be g(-12). Let r(k) = -k**3 - 3*k**2 - k - 3. Calculate r(n).
-3
Let d(x) = -x - 4. Let c = 2 - 29. Let n = 28 + c. Let q(o) = o - 1. Let a(f) = n*d(f) + 2*q(f). Determine a(4).
-2
Let w(u) = u**2 - 9*u - 5. Let q be w(9). Let h(t) = 873*t**2 + 870*t**2 - 1748*t**2 - t**3. Calculate h(q).
0
Let m(u) = -102*u - 35 + 56*u + 59*u + 2*u**3 + 31*u**2. What is m(-15)?
-5
Let z(x) be the third derivative of -x**6/120 - x**5/10 - 5*x**4/24 - x**3/3 + 4*x**2. Let h be (5/(-3))/(-4 + 65/15). Calculate z(h).
-2
Let z(a) = a**3 + 5*a. Let y(r) = r**2. Let s(b) = 6*y(